4) to base 14
-21c107
Convert 10101001110100101100010 (base 2) to base 3.
101110201102121
Convert -2203141041 (base 5) to base 10.
-4740146
Convert 150035 (base 6) to base 11.
a801
-12116 (base 7) to base 2
-110001001101
What is -77767 (base 11) in base 15?
-235ee
Convert -1c98 (base 14) to base 9.
-7151
-13255633 (base 7) to base 6
-42123154
Convert 101121101110200 (base 3) to base 2.
10101100000001101101010
Convert -2ac3b5 (base 15) to base 6.
-112142225
Convert 1344430234 (base 5) to base 6.
203154324
What is -302233124 (base 6) in base 2?
-10011101001111000101100
-539277 (base 10) to base 13
-15b5cb
Convert 265165 (base 7) to base 2.
1100001010100111
Convert 200220222121 (base 3) to base 2.
1011010111100011100
What is -25477 (base 8) in base 16?
-2b3f
What is 5c4815 (base 14) in base 9?
5850333
Convert -223532501 (base 6) to base 13.
-b083b4
Convert -111111121010022 (base 3) to base 4.
-123120002231
What is -4a45c (base 13) in base 14?
-37cb5
What is 10010640 (base 7) in base 16?
c9b9a
What is -13154623 (base 7) in base 10?
-1206985
Convert -20651 (base 13) to base 10.
-58202
What is 30003013 (base 4) in base 9?
74624
-26095 (base 13) to base 16
-1131a
What is -11022223003 (base 4) in base 5?
-321320220
Convert -d91180 (base 16) to base 2.
-110110010001000110000000
Convert -b02a0 (base 14) to base 2.
-1100111010011000100
What is 26523176 (base 8) in base 5?
3010101422
Convert 321354 (base 9) to base 12.
9284a
Convert -127453 (base 9) to base 5.
-4441041
Convert 423740 (base 9) to base 16.
3d8cc
7501 (base 16) to base 11
20560
What is 10020102 (base 3) in base 7?
6611
Convert -278481a (base 11) to base 12.
-1732314
Convert -11444400 (base 5) to base 2.
-11010101100100110
Convert -3603ca (base 14) to base 6.
-103312234
Convert 4340631 (base 7) to base 6.
15214013
Convert 181772 (base 9) to base 10.
112898
What is 61ee1 (base 15) in base 14?
81218
Convert 28ca00 (base 14) to base 5.
330332424
Convert -3311 (base 6) to base 11.
-634
-425446 (base 7) to base 10
-73975
What is 218d (base 15) in base 12?
4144
2231320322 (base 4) to base 9
1305018
What is 22257 (base 9) in base 11?
1012a
Convert 530110222 (base 6) to base 2.
100011010001100101000110
What is 30223130203 (base 4) in base 5?
1322324213
Convert -11009 (base 12) to base 7.
-122343
-38a2e (base 16) to base 13
-8178a
Convert -20012000 (base 4) to base 5.
-2030102
Convert -4a2ac (base 13) to base 6.
-2532502
What is 711408 (base 12) in base 15?
24cdd2
Convert 1786835 (base 9) to base 7.
11343143
-110100010000001 (base 2) to base 11
-19111
Convert -104338 (base 10) to base 11.
-71433
What is -57837b (base 12) in base 9?
-2568415
-11110000110101010110100 (base 2) to base 12
-2786b04
Convert -1200220112100 (base 3) to base 10.
-903618
What is -112112212122 (base 3) in base 16?
-45ec6
What is -4d680 (base 16) in base 9?
-532824
Convert -4560356 (base 7) to base 8.
-2127611
236594 (base 12) to base 8
2133300
Convert -435616 (base 9) to base 13.
-9147c
What is -25b98 (base 12) in base 3?
-2122001222
What is 265162 (base 8) in base 5?
10432121
612283 (base 9) to base 13
c9036
Convert 13635321 (base 8) to base 11.
1824563
Convert 218247 (base 9) to base 6.
2445024
Convert 58a69a8 (base 12) to base 14.
23c2384
-12043248 (base 9) to base 6
-325524412
-7b6f4 (base 16) to base 8
-1733364
What is 355618 (base 9) in base 4?
310101110
-40ccc6 (base 13) to base 8
-5614376
What is 1b56 (base 14) in base 8?
11560
Convert -a3626 (base 11) to base 16.
-24e75
Convert -10110101100011100010010 (base 2) to base 5.
-3010333302
What is 32315 (base 6) in base 7?
15641
Convert 614620 (base 8) to base 9.
338604
Convert 111122022110 (base 3) to base 16.
418d4
Convert 151630050 (base 7) to base 4.
212203311111
Convert 38111553 (base 9) to base 13.
3b378c7
-10020020022211 (base 3) to base 15
-23db3d
Convert -19cf5a (base 16) to base 8.
-6347532
-2282962 (base 11) to base 10
-3986171
-2612537 (base 9) to base 4
-11130003202
What is -20166353 (base 7) in base 10?
-1680542
26047 (base 15) to base 13
43444
10101101101110110011000 (base 2) to base 6
322003400
Convert 23750 (base 9) to base 7.
64263
Convert 1346414 (base 7) to base 4.
223323203
What is -338172 (base 12) in base 5?
-202312013
Convert -44a9a (base 13) to base 3.
-20100021001
-10111100111000010001 (base 2) to base 6
-24325413
Convert -2972714 (base 11) to base 10.
-5098592
What is 3674511 (base 8) in base 14?
1c57cd
What is 31432 (base 7) in base 9?
11577
-735473 (base 8) to base 2
-111011101100111011
Convert 11100001010000110001 (base 2) to base 6.
31435345
Convert -886975 (base 10) to base 7.
-10352635
Convert -31324443 (base 5) to base 13.
-91bb0
What is -10001011000000010 (base 2) in base 10?
-71170
Convert -1494a (base 16) to base 11.
-58375
What is -437655 (base 8) in base 6?
-3054141
-36ac2 (base 16) to base 15
-46543
What is -393 (base 10) in base 8?
-611
-102020330 (base 4) to base 9
-122825
-1011100000000011011110 (base 2) to base 11
-177a139
Convert 66313506 (base 7) to base 12.
1aab406
What is -3f780 (base 16) in base 3?
-111012121110
Convert -7232832 (base 11) to base 15.
-11c3d47
Convert -dc930 (base 16) to base 14.
-19737a
Convert 11011111010011000 (base 2) to base 13.
40066
Convert 2ab9d (base 16) to base 2.
101010101110011101
What is 5e30d (base 15) in base 11?
196214
Convert -65564043 (base 7) to base 8.
-25362643
Convert -344081 (base 9) to base 14.
-552d6
What is 1061566 (base 7) in base 16?
20653
Convert -481774 (base 10) to base 15.
-97b34
-6e9a5b (base 15) to base 3
-100222011002112
Convert -a73db (base 14) to base 8.
-1425265
-10011101010101000 (base 2) to base 16
-13aa8
-151523244 (base 6) to base 11
-1874327
-2540738 (base 9) to base 2
-101010010001000001101
5040461 (base 8) to base 2
101000100000100110001
What is -27103521 (base 8) in base 2?
-10111001000011101010001
Convert -2e018 (base 16) to base 13.
-67a05
Convert -460304 (base 8) to base 11.
-a70a7
Convert -2355631 (base 8) to base 16.
-9db99
What is -102102233 (base 5) in base 15?
-86048
Convert 67e73 (base 16) to base 12.
186357
What is -2ff55 (base 16) in base 9?
-328413
Convert -159642 (base 12) to base 2.
-1011010000101010010
Convert 9852683 (base 11) to base 10.
17309141
Convert 535455 (base 7) to base 12.
45b19
Convert -10211000201 (base 3) to base 16.
-12562
-67243a (base 15) to base 6
-253230014
Convert -711502 (base 9) to base 5.
-101433130
Convert 5114461 (base 7) to base 8.
2245450
Convert -2a12b (base 13) to base 10.
-79298
Convert ba316 (base 15) to base 6.
20401333
What is -102233000 (base 4) in base 2?
-10010101111000000
-7361053 (base 9) to base 12
-139a6a9
What is -6562553 (base 7) in base 2?
-11000100100110111000
-68383 (base 15) to base 13
-b7ba9
What is 65939 (base 11) in base 4?
113112100
-43377276 (base 8) to base 14
-1343474
-3c4a8 (base 13) to base 6
-2230301
What is 1430340022 (base 5) in base 4?
32112123133
-12013101030 (base 4) to base 14
-2da0a0
Convert 24020002 (base 5) to base 6.
4414310
What is -106b5b3 (base 13) in base 8?
-23123145
Convert 5752 (base 11) to base 10.
7559
Convert 35345103 (base 7) to base 6.
150515310
What is -77527 (base 10) in base 14?
-20379
What is -2021100021112 (base 3) in base 5?
-302114202
What is 1010111000100101011 (base 2) in base 5?
42403101
12b7360 (base 15) to base 7
222445212
19748d (base 16) to base 15
22e45c
What is -116945a (base 14) in base 2?
-11111110000000101011000
Convert 10220211211002 (base 3) to base 14.
3c3349
-42334441 (base 5) to base 8
-1266445
101010111010111010110 (base 2) to base 9
2573221
What is 1ab582 (base 12) in base 5?
110213033
Convert 110182 (base 10) to base 6.
2210034
Convert 9790c (base 13) to base 3.
111220210201
13515101 (base 6) to base 2
1110000100110001101
-2c326 (base 13) to base 11
-58147
Convert 139576 (base 10) to base 9.
232414
-2010010100221 (base 3) to base 12
-46282a
Convert -100101001000011100 (base 2) to base 3.
-21201122001
What is 203102030 (base 4) in base 11?
99646
-12bd4 (base 16) to base 7
-436531
Convert -1522055 (base 6) to base 13.
-31430
Convert -14452a7 (base 11) to base 14.
-4883cb
-3698a (base 12) to base 10
-73978
What is 2803503 (base 10) in base 4?
22230130233
What is -5251100 (base 9) in base 13?
-7746a8
What is 112cacb (base 13) in base 12?
1929671
Wh